{"id":9,"date":"2020-02-25T15:32:37","date_gmt":"2020-02-25T15:32:37","guid":{"rendered":"http:\/\/discotecanick.com\/?page_id=9"},"modified":"2020-10-09T09:34:21","modified_gmt":"2020-10-09T09:34:21","slug":"pag-2","status":"publish","type":"page","link":"https:\/\/discotecanick.com\/?page_id=9","title":{"rendered":"KARAOKE"},"content":{"rendered":"\t\t<div data-elementor-type=\"wp-page\" data-elementor-id=\"9\" class=\"elementor elementor-9\">\n\t\t\t\t\t\t<section class=\"elementor-section elementor-top-section elementor-element elementor-element-4220167 elementor-section-content-middle elementor-section-boxed elementor-section-height-default elementor-section-height-default\" data-id=\"4220167\" data-element_type=\"section\" data-settings=\"{&quot;background_background&quot;:&quot;classic&quot;}\">\n\t\t\t\t\t\t<div class=\"elementor-container elementor-column-gap-default\">\n\t\t\t\t\t<div class=\"elementor-column elementor-col-100 elementor-top-column elementor-element elementor-element-0b78ea6\" data-id=\"0b78ea6\" data-element_type=\"column\">\n\t\t\t<div class=\"elementor-widget-wrap elementor-element-populated\">\n\t\t\t\t\t\t<div class=\"elementor-element elementor-element-2e1286c elementor-widget elementor-widget-heading\" data-id=\"2e1286c\" data-element_type=\"widget\" data-widget_type=\"heading.default\">\n\t\t\t\t<div class=\"elementor-widget-container\">\n\t\t\t\t\t<h2 class=\"elementor-heading-title elementor-size-medium\">Tenemos a tu disposici\u00f3n m\u00e1s de 50.000 canciones<\/h2>\t\t\t\t<\/div>\n\t\t\t\t<\/div>\n\t\t\t\t\t<\/div>\n\t\t<\/div>\n\t\t\t\t\t<\/div>\n\t\t<\/section>\n\t\t\t\t<section class=\"elementor-section elementor-top-section elementor-element elementor-element-8b9c6b0 elementor-section-boxed elementor-section-height-default elementor-section-height-default\" data-id=\"8b9c6b0\" data-element_type=\"section\">\n\t\t\t\t\t\t<div class=\"elementor-container elementor-column-gap-default\">\n\t\t\t\t\t<div class=\"elementor-column elementor-col-33 elementor-top-column elementor-element elementor-element-9a1bd56\" data-id=\"9a1bd56\" data-element_type=\"column\">\n\t\t\t<div class=\"elementor-widget-wrap elementor-element-populated\">\n\t\t\t\t\t\t<div class=\"elementor-element elementor-element-a59d556 elementor-widget elementor-widget-text-editor\" data-id=\"a59d556\" data-element_type=\"widget\" data-widget_type=\"text-editor.default\">\n\t\t\t\t<div class=\"elementor-widget-container\">\n\t\t\t\t\t\t\t\t\t<h6><u>COMO FUNCIONA<\/u><\/h6><h6>El karaoke es gratuito, solo pedimos que os tom\u00e9is una consumici\u00f3n, solicit\u00e1is la canci\u00f3n que quer\u00e9is cantar e intentando que sea por orden de petici\u00f3n os llamaremos al escenario. Si quer\u00e9is saber si tenemos alguna canci\u00f3n en especial, ponte en <a href=\"http:\/\/discotecanick.com\/?page_id=52\">contacto<\/a> con nosotros.<\/h6>\t\t\t\t\t\t\t\t<\/div>\n\t\t\t\t<\/div>\n\t\t\t\t\t<\/div>\n\t\t<\/div>\n\t\t\t\t<div class=\"elementor-column elementor-col-66 elementor-top-column elementor-element elementor-element-cbe11bb\" data-id=\"cbe11bb\" data-element_type=\"column\">\n\t\t\t<div class=\"elementor-widget-wrap elementor-element-populated\">\n\t\t\t\t\t\t<div class=\"elementor-element elementor-element-da68cb1 elementor-widget elementor-widget-shortcode\" data-id=\"da68cb1\" data-element_type=\"widget\" data-widget_type=\"shortcode.default\">\n\t\t\t\t<div class=\"elementor-widget-container\">\n\t\t\t\t\t\t\t<div class=\"elementor-shortcode\"><div id=\"metaslider-id-353\" style=\"max-width: 500px; margin: 0 auto;\" class=\"ml-slider-3-97-0 metaslider metaslider-flex metaslider-353 ml-slider ms-theme-default\" role=\"region\" aria-roledescription=\"Slideshow\" aria-label=\"Diapositiva Karaoke\" data-width=\"500\">\n    <div id=\"metaslider_container_353\">\n        <div id=\"metaslider_353\">\n            <ul class='slides'>\n                <li style=\"display: block; width: 100%;\" class=\"slide-354 ms-image \" aria-roledescription=\"slide\" aria-label=\"slide-354\" data-date=\"2020-03-01 17:21:06\"><img fetchpriority=\"high\" decoding=\"async\" src=\"https:\/\/discotecanick.com\/wp-content\/uploads\/2020\/02\/karaoke-1-500x240.jpg\" height=\"240\" width=\"500\" alt=\"\" class=\"slider-353 slide-354\" title=\"karaoke\" \/><\/li>\n                <li style=\"display: none; width: 100%;\" class=\"slide-355 ms-image \" aria-roledescription=\"slide\" aria-label=\"slide-355\" data-date=\"2020-03-01 17:21:20\"><img decoding=\"async\" src=\"https:\/\/discotecanick.com\/wp-content\/uploads\/2020\/02\/karaoke1-500x240.jpg\" height=\"240\" width=\"500\" alt=\"\" class=\"slider-353 slide-355\" title=\"karaoke1\" \/><\/li>\n                <li style=\"display: none; width: 100%;\" class=\"slide-356 ms-image \" aria-roledescription=\"slide\" aria-label=\"slide-356\" data-date=\"2020-03-01 17:21:27\"><img decoding=\"async\" src=\"https:\/\/discotecanick.com\/wp-content\/uploads\/2020\/02\/sala-4_1-500x240.jpg\" height=\"240\" width=\"500\" alt=\"\" class=\"slider-353 slide-356\" title=\"sala-4_1\" \/><\/li>\n                <li style=\"display: none; width: 100%;\" class=\"slide-399 ms-image \" aria-roledescription=\"slide\" aria-label=\"slide-399\" data-date=\"2020-03-04 15:59:10\"><img loading=\"lazy\" decoding=\"async\" src=\"https:\/\/discotecanick.com\/wp-content\/uploads\/2020\/03\/karaoke-500x240.jpg\" height=\"240\" width=\"500\" alt=\"\" class=\"slider-353 slide-399\" title=\"karaoke\" \/><\/li>\n            <\/ul>\n        <\/div>\n        \n    <\/div>\n<\/div><\/div>\n\t\t\t\t\t\t<\/div>\n\t\t\t\t<\/div>\n\t\t\t\t\t<\/div>\n\t\t<\/div>\n\t\t\t\t\t<\/div>\n\t\t<\/section>\n\t\t\t\t<section class=\"elementor-section elementor-top-section elementor-element elementor-element-fae6af7 elementor-section-boxed elementor-section-height-default elementor-section-height-default\" data-id=\"fae6af7\" data-element_type=\"section\">\n\t\t\t\t\t\t<div class=\"elementor-container elementor-column-gap-default\">\n\t\t\t\t\t<div class=\"elementor-column elementor-col-100 elementor-top-column elementor-element elementor-element-168e8d4\" data-id=\"168e8d4\" data-element_type=\"column\">\n\t\t\t<div class=\"elementor-widget-wrap elementor-element-populated\">\n\t\t\t\t\t\t<div class=\"elementor-element elementor-element-4a8364e elementor-widget elementor-widget-text-editor\" data-id=\"4a8364e\" data-element_type=\"widget\" data-widget_type=\"text-editor.default\">\n\t\t\t\t<div class=\"elementor-widget-container\">\n\t\t\t\t\t\t\t\t\t<p>LISTADO DE LAS CANCIONES MAS SOLICITADAS. \u00a0\u00a0 \u00a0\u00a0 <a href=\"http:\/\/discotecanick.com\/wp-content\/uploads\/2020\/03\/rptESPA\u00d1OL.pdf\">Castellano<\/a>\u00a0 \u00a0 &#8211;\u00a0 \u00a0 <a href=\"http:\/\/discotecanick.com\/wp-content\/uploads\/2020\/03\/rptCATALAN.pdf\">Catal\u00e1n<\/a>\u00a0 \u00a0&#8211;\u00a0 \u00a0<a href=\"http:\/\/discotecanick.com\/wp-content\/uploads\/2020\/03\/rptINGLES.pdf\">Ingl\u00e9s<\/a>\u00a0 \u00a0&#8211;\u00a0 \u00a0<a href=\"http:\/\/discotecanick.com\/wp-content\/uploads\/2020\/03\/rptVARIOS.pdf\">Varios idiomas<\/a><\/p>\t\t\t\t\t\t\t\t<\/div>\n\t\t\t\t<\/div>\n\t\t\t\t\t<\/div>\n\t\t<\/div>\n\t\t\t\t\t<\/div>\n\t\t<\/section>\n\t\t\t\t<\/div>\n\t\t","protected":false},"excerpt":{"rendered":"<p>Tenemos a tu disposici\u00f3n m\u00e1s de 50.000 canciones COMO FUNCIONA El karaoke es gratuito, solo pedimos que os tom\u00e9is una consumici\u00f3n, solicit\u00e1is la canci\u00f3n que quer\u00e9is cantar e intentando que sea por orden de petici\u00f3n os llamaremos al escenario. Si quer\u00e9is saber si tenemos alguna canci\u00f3n en especial, ponte en contacto con nosotros. LISTADO DE &#8230; <a title=\"KARAOKE\" class=\"read-more\" href=\"https:\/\/discotecanick.com\/?page_id=9\" aria-label=\"Leer m\u00e1s sobre KARAOKE\">Leer m\u00e1s<\/a><\/p>\n","protected":false},"author":1,"featured_media":0,"parent":0,"menu_order":0,"comment_status":"closed","ping_status":"closed","template":"","meta":{"footnotes":""},"class_list":["post-9","page","type-page","status-publish"],"_links":{"self":[{"href":"https:\/\/discotecanick.com\/index.php?rest_route=\/wp\/v2\/pages\/9","targetHints":{"allow":["GET"]}}],"collection":[{"href":"https:\/\/discotecanick.com\/index.php?rest_route=\/wp\/v2\/pages"}],"about":[{"href":"https:\/\/discotecanick.com\/index.php?rest_route=\/wp\/v2\/types\/page"}],"author":[{"embeddable":true,"href":"https:\/\/discotecanick.com\/index.php?rest_route=\/wp\/v2\/users\/1"}],"replies":[{"embeddable":true,"href":"https:\/\/discotecanick.com\/index.php?rest_route=%2Fwp%2Fv2%2Fcomments&post=9"}],"version-history":[{"count":46,"href":"https:\/\/discotecanick.com\/index.php?rest_route=\/wp\/v2\/pages\/9\/revisions"}],"predecessor-version":[{"id":588,"href":"https:\/\/discotecanick.com\/index.php?rest_route=\/wp\/v2\/pages\/9\/revisions\/588"}],"wp:attachment":[{"href":"https:\/\/discotecanick.com\/index.php?rest_route=%2Fwp%2Fv2%2Fmedia&parent=9"}],"curies":[{"name":"wp","href":"https:\/\/api.w.org\/{rel}","templated":true}]}}